Suppose 16 = v - 3*c - 28, 4*c = 0. Suppose v*x = 41*x + 23259. Is x a composite number?
False
Let o(j) = -5*j - 23. Let g be o(-5). Suppose 3*v - 4676 = 2*f, -2*f + 0*f = g. Suppose -3*s = 4*c - v, -5*c = 4*s - 0*s - 2079. Is s a composite number?
True
Let b(f) = 14*f - 29. Suppose -2*d = g - 16, 2*g = 3*d + 2*d + 50. Is b(g) prime?
True
Let g(q) = -2*q**2 + 9*q - 4. Let m be g(4). Suppose m = 11*w + 187 + 11. Let l(a) = 3*a**2 - 22*a - 11. Is l(w) a prime number?
False
Let r = -832 - -823. Let c(j) be the first derivative of 7*j**3/3 + 7*j**2/2 + 17*j + 1. Is c(r) composite?
False
Suppose 3*w - 4*b = -5*b + 21, w = 2*b. Suppose 2*r - 5*l = w*r - 6369, 0 = -5*r - 5*l + 7960. Is r prime?
False
Is 4/(-60)*-2 - (0 + 2949266/(-30)) composite?
True
Suppose 8*i = 9*i - 5*u + 3134, -i - 3089 = 4*u. Let j = 6702 + i. Is j a prime number?
True
Let l = 117 + -145. Is (7 - 776/l) + 4/14 a prime number?
False
Let c(w) = w**2 + 7*w - 13. Let h be c(-9). Suppose o - 5*o = 3*x - 56275, -14090 = -o - h*x. Suppose 5*j = -4*s + o, -j + s = -3*s - 2813. Is j a prime number?
False
Suppose -3062 = 3*h - 159533. Is h prime?
False
Let q(r) = r**2 - 13*r - 68. Let d be q(17). Is -10 + 6 + 0 + 1547 + d composite?
False
Let k(y) = 19990*y + 661. Is k(8) a prime number?
False
Suppose -4*o - m = -349268, 5*m + 55066 = 2*o - 119568. Is o composite?
False
Suppose x + 4*s - 99737 = -22954, s = 4*x - 307183. Is x composite?
True
Let x(d) = -544*d - 985. Is x(-24) a prime number?
True
Let n = 430289 - 39375. Is n composite?
True
Let g(t) = 35*t**2 - 20*t - 281. Is g(24) a composite number?
True
Let v(m) = -m**3 - 3*m**2 - 5*m + 9. Let r be v(-4). Suppose 90 = r*g - 39*g. Is g composite?
True
Let o be (-95406)/(-21) - 4/(56/2). Is o/7*(-4 + 5) prime?
False
Let p(o) = 7527*o**2 - 722*o + 5090. Is p(7) a prime number?
False
Suppose 446186 = h + t, 954*t + 1338579 = 3*h + 950*t. Is h a prime number?
True
Let m be (-4)/60*13 + 6/(-45). Is (75/25)/((-1802)/(-1801) + m) composite?
True
Let a(z) be the second derivative of 331*z**4/12 + z**3/6 + z**2/2 + 3*z. Let d = 184 - 185. Is a(d) prime?
True
Let u(i) = 191*i**2 - 93*i + 1433. Is u(23) composite?
False
Let v(f) = -17*f - 6. Let a(p) = p**3 + 10*p**2 + 4*p + 44. Let x be a(-10). Let z(u) = -1. Let y(w) = x*z(w) + v(w). Is y(-7) a composite number?
False
Let s be -1 - 124/10 - 6/(-15). Let h be (7 - s)*(-2)/(-8). Suppose 2*p - 1180 = -2*o, -h*o - p - p = -2953. Is o composite?
True
Suppose 0 = 3*l + 2*r - 17, -2*l - 3*r + 3 = -5*l. Let v(x) = 2*x + 6 + 193*x**2 - 3*x + 0 + 17*x**2. Is v(l) composite?
True
Suppose -34*d + 69 = -11*d. Suppose -532 - 481 = -3*n - 4*z, -d*n + 983 = -2*z. Is n a composite number?
False
Is (-33)/((-495)/(-2)) - (-2024987)/15 a composite number?
False
Suppose -5481 = 10*u + 11*u. Let g = u - -3226. Is g prime?
False
Is (-16)/14 + 2941190/98 a prime number?
True
Suppose s = 2*l - 13, 5*l + 11 = -3*s + 4*l. Let u(p) = -p**2 - 5*p + 3. Let c be u(s). Let k(h) = 79*h**3 - 4*h**2 - 2. Is k(c) composite?
True
Let t be ((-33)/(-6) - 7)/((-3)/4). Suppose 0 = 2*x + 12 + 12. Is (t/(-5))/(x/16710) prime?
True
Let h(f) = 16168*f + 111. Let r be h(-6). Let w = -63176 - r. Is w prime?
True
Suppose 2786615 = 62*o + 899726 - 801989. Is o composite?
True
Let c = -254110 - -587496. Is c composite?
True
Suppose -4*s + 6*s + 12 = 0. Let q be (-15)/10 + ((-3)/s - 0). Let i(u) = -557*u**3 + u**2 + 3*u + 2. Is i(q) composite?
False
Let g(l) = -26*l**3 - 23*l**2 + 65*l + 1153. Is g(-21) a prime number?
True
Let w = -97 + -118. Let y = -42 - w. Suppose c + y - 2794 = 0. Is c prime?
True
Let s be 0 - 1 - 4/(-2)*-1741. Let f = s + 5720. Is f prime?
True
Let b(w) = 171*w + 31. Let o be b(-12). Let m = o - -1053. Let l = -267 - m. Is l a composite number?
False
Is 539940/(-48)*2368/(-80) a composite number?
True
Let q(o) = -o**2 + 2*o - 12. Let l be q(0). Let u be 692/(((-24)/80)/(l/10)). Suppose u = 7*w + w. Is w prime?
False
Let n(m) = -116*m**3 - m**2 - 6*m + 8. Let t be (-26)/(-65) + -1 + (-36)/15. Is n(t) a composite number?
True
Suppose 4*h - 2*s = 3 - 9, -s = -5*h - 3. Suppose 0*a = a - 5*d + 23, h = 2*d - 10. Suppose 7*j = 3*j + 4*r + 1260, 5*j = a*r + 1581. Is j a composite number?
False
Is (((-3)/(-4))/(108/(-36648)))/((-7)/8078) composite?
True
Suppose -k = -0*k - 3. Suppose -x - k*w = 9, 2*x - 3*w = 2*w + 15. Suppose 3*r = -4*l + 626, -r - r - 3*l + 416 = x. Is r a composite number?
True
Suppose 5*u - 23703 = 9*n - 10*n, -4*u = -5*n + 118631. Is n composite?
True
Let y(m) = 3*m**3 + 7*m**2 + 6*m + 13. Let s be y(-20). Let d = -9164 - s. Is d prime?
True
Let j = 14047 + -8785. Let y = j + -2809. Is y composite?
True
Let k = -610 + 1204. Suppose 58 - k = -4*x. Is (x/6)/((-9)/(-189)) composite?
True
Let u(v) = 2*v**2 - 61*v + 13. Let d be u(14). Let k = d + 928. Is k a composite number?
False
Let i(k) = k**3 + 33*k**2 + 2*k + 71. Let x be i(-33). Suppose 4*f = 12, -7*j + 12*j - x*f = 91940. Is j a composite number?
True
Suppose 0 = 5*d + 10, 23*k + 3*d + 108117 = 26*k. Is k a composite number?
False
Let q = 452745 - -280366. Is q a prime number?
True
Let w = 4 + 0. Let y = -27 - -27. Is 0 - y - 0 - (-3548)/w composite?
False
Let w(u) = u**3 - 7*u**2 - 12. Let f(z) = -1. Let h(p) = 4*f(p) - w(p). Let d be h(7). Is (-892)/(-2)*2*2/d composite?
False
Let i be (-2 - (-8)/3)*(-18204)/41. Let v = 1089 - i. Is v prime?
False
Let v(t) = 470*t - 16 + 25*t - 26 + 402*t. Let d be v(4). Let i = -1811 + d. Is i a prime number?
False
Is 338710/8*(-204)/(-255) a composite number?
False
Let a(q) = -2195*q - 27. Let x be a(-5). Let g = -6041 + x. Is g a prime number?
False
Let z(d) be the first derivative of 173*d**2 - 23*d + 22. Suppose -2*j - 3*j + 24 = i, 8 = 5*j - 3*i. Is z(j) a composite number?
False
Suppose 65*u - 34*u + 54833277 = 154*u. Is u a prime number?
True
Let y = 47 - 49. Is 1/(y/(-9443)) - (-12)/(-24) prime?
True
Let p be 31/2 + (-1)/2*-1. Let j(a) = 29*a + 9. Let n be j(p). Suppose n = v - 186. Is v a prime number?
True
Let o be (-6811)/(-28) + -3*4/(-16). Suppose -241*z - 2289 = -o*z. Is z prime?
False
Suppose 191*c - 165319 = 186*c - 4*u, 3*c - 99217 = 4*u. Is c a prime number?
False
Let b = 207 + -181. Suppose -14*j + b*j = 74868. Is j prime?
False
Let y(d) = 1732*d**2 - 353*d - 12. Is y(-5) composite?
False
Let d be (-15)/(-10)*(-1 - (-938)/6). Suppose d = -x + 2949. Suppose 7*z - 3*z = x. Is z a prime number?
False
Let a(v) = -v**2 + 0*v**2 + 38*v + 15 - 50*v. Let w be a(-13). Suppose 0 = -5*q - w + 12, -2*q + 1045 = 3*g. Is g prime?
True
Suppose 0 = -5*a - 3*q + 64495, -2*a - 7*q = -5*q - 25798. Is a a prime number?
True
Suppose 8*m + 5*n = 2127252, 2*m - 531798 = 5*n - 10*n. Is m prime?
False
Suppose -11*t + 4347897 + 131022 = -682204. Is t a composite number?
False
Let j be (-2 + -28)*(1 + 0). Let g be (524/10)/(6/j). Let x = 135 - g. Is x a composite number?
False
Let k(x) = 8*x**3 - 2*x**2 + 3*x - 2. Let o be k(1). Suppose 4*n = 2*f - 2490, -o*n + 3*n - 20 = 0. Let g = 1738 - f. Is g a composite number?
False
Let n = -16888 - -28131. Is n a prime number?
True
Suppose 0 = 4*f - 6116 - 9572. Let h = -2075 + f. Is h composite?
False
Is (-2 - (3 - (-69)/(-12))) + (-19568484)/(-144) a composite number?
False
Let n(k) = 2*k - 16*k + 63 - 2 + 6. Is n(-35) composite?
False
Let a(k) = 41*k**3 - 80*k**2 + 11*k + 101. Is a(15) composite?
False
Let x be 3/(-6)*8 - -7219. Suppose -5*w = 5*d - x, 0 = -6*d + d + 2*w + 7215. Is ((-1)/3)/((-1)/d) a composite number?
True
Let u be (1/1)/(9/37494). Let m = u - 709. Is m composite?
False
Let l = -95 - -114. Suppose 0 = -21*b + l*b + 386. Suppose -4*u + 1035 = -b. Is u a prime number?
True
Suppose 5*m + 4*a = 13, -48*m + 52*m + 2*a - 14 = 0. Suppose m*w - 10*w + 90066 = -g, w = 2*g + 18015. Is w composite?
False
Suppose j + 84273 = 8*j. Let p = j + -7070. Is p a prime number?
True
Suppose -4*n - 3*s = -1169744, -3*n + 6*n + 5*s - 877319 = 0. Is n a composite number?
True
Let h(m) = 265*m + 6. Let u be h(3). Suppose u - 2753 = 2*s. Let o = 1655 + s. Is o prime?
False
Suppose 5*x + 3*y - 45 = -2*y, -28 = -3*x - 4*y. Suppose x*s - 16 = -0*s. Suppose 3*u = 5*n + 115, 0 = -u - 3*u - s*n + 136. Is u a composite number?
True
Suppose 3*b = 5*n - 31, -b + 11 = -4*b + n. Let o be 302/((-